on factor of 28 and y?
14
Let d be 13/65 + (-319)/(-5). What is the greatest common factor of d and 96?
32
Let n(y) = y**3 - 10*y**2 - 10*y + 5. Let u be n(7). Let z be (-6)/(-33) + u/(-44). Calculate the greatest common divisor of z and 20.
5
Suppose 11 - 1 = -5*g. Let t(f) = -4*f**3 + f**2 - 3*f - 2. Let h be t(g). Calculate the greatest common divisor of 8 and h.
8
Let m(k) = k - 11. Let g be m(5). Let l be ((-135)/(-10))/(g/(-8)). Suppose 0*p + 2*p = -4*f + 8, 4*f = 5*p - 76. What is the greatest common factor of p and l?
6
Let i be 7 - 1 - 4/(-2). Let d be 0 + i + 2 - -1. Calculate the greatest common factor of d and 99.
11
Let t = -99 + 120. Let z be 2 - (0 + -2 + 1). What is the greatest common factor of t and z?
3
Suppose 32 = 4*z - 4*h, 4*z + 3*h - 4*h = 20. Suppose -2*t - t = z*w - 338, 4*w = t - 102. Calculate the greatest common divisor of t and 10.
10
Suppose -9*w + 5*w = -24. Let p = w + 4. What is the greatest common divisor of p and 80?
10
Suppose -4*d = -s - 46, -s + 2*s = -5*d + 62. Let h = -57 + 153. What is the highest common factor of h and d?
12
Suppose -n + 7*d - 2*d + 15 = 0, -3*n - 2*d = -79. Let w = n - 18. Let v = -17 + 38. Calculate the greatest common divisor of w and v.
7
Let n(q) = -5*q + 63. Let d be n(6). Suppose 2*b - 3*b = 0. Let o(w) = -w**3 + w**2 - w + 11. Let l be o(b). Calculate the greatest common factor of l and d.
11
Suppose -6*w + 4 = -2*w. What is the greatest common factor of 1 and w?
1
Suppose 3*k + 2*y - 46 = 0, -4*k - 5*y + 10 = -42. Calculate the highest common divisor of k and 6.
6
Suppose -2*r = -r + 5*d - 20, -3*d + 34 = 5*r. Suppose -r*j + 34 + 41 = 0. Calculate the greatest common divisor of j and 15.
15
Let q be (-31)/(-11) - (-4)/22. Let r(u) = 5*u**2 - 2*u + 3. Let p be r(q). What is the highest common factor of 14 and p?
14
Let l(q) = 17*q**2 - q. Let a be l(-1). Let p be (-2 - -9)*a/21. Let v be (64/p)/((-10)/(-45)). What is the greatest common factor of 12 and v?
12
Let i = -103 - -59. Suppose 0 = 4*l + 2*u - 5*u - 308, 58 = l + 4*u. Let w = i + l. What is the greatest common factor of w and 6?
6
Suppose 3*d = -4*q - 3 + 17, 3*d - 3*q = 0. Let l(n) = 5 - d*n + n - n + 4*n + n**2. Let w be l(-4). Calculate the highest common divisor of w and 91.
13
Let j be (-4)/(-7) - (-728)/98. What is the highest common factor of j and 20?
4
Let g be (-144)/(-5) - 80/100. Let q be (1 - (-2 - -5)) + 6. What is the highest common divisor of g and q?
4
Suppose 3*i + 2 = 5. Let h be i/(14/(-15) + 1). Let d be 45*-8*1/(-3). Calculate the highest common divisor of h and d.
15
Let x(q) = -q**3 + 4*q**2 - 3*q. Let n be x(3). Suppose -z + 5 + n = 0. Suppose -z*o + 10 = -0. Calculate the greatest common factor of o and 6.
2
Suppose -2 = -5*u + 23. Let j(k) = k**3 - 5*k**2 + 3*k - 3. Let y be j(u). Calculate the highest common factor of 3 and y.
3
Suppose -u - 2*u = -42. Suppose -12 = -2*j + u. Let k be 628/6 + 12/18*-1. Calculate the highest common factor of j and k.
13
Suppose -n + r + 30 = 0, -4*r + 0*r + 36 = 2*n. Suppose -n = t - 0*t. Let u = t + 121. Calculate the greatest common divisor of u and 38.
19
Let k be (9/6)/(15/340). What is the highest common divisor of k and 340?
34
Suppose 0 = -3*t + 5*m + 14, -2*t + 5*m = -7*t + 10. Suppose -t*q + 8 = -7. What is the highest common factor of q and 20?
5
Suppose -k - 6 = 5*c - 0*c, -3*k + 2 = 5*c. Suppose -14 = -3*n - 2. Let l be (-1)/((c + 0)/n). What is the greatest common factor of l and 16?
2
Let i(a) = -15*a**3 + a**2 + a. Let m be i(-1). Let s = -230 - -590. Suppose -5*n - s = -11*n. What is the highest common factor of n and m?
15
Let x = 56 - 22. Calculate the highest common factor of x and 85.
17
Suppose v + 3*v = 16. Let n = -11 + 19. What is the highest common divisor of v and n?
4
Let d be 76/(-114) + 3/((-9)/(-80)). What is the highest common divisor of 182 and d?
26
Let a be (-3)/(-6) + (-3)/((-18)/39). What is the highest common divisor of a and 7?
7
Let x = -29 + 42. Let l be (-4)/(-2) - (-63 + 0). What is the greatest common factor of x and l?
13
Suppose 4 = a - 4. What is the highest common factor of a and 8?
8
Let g = 89 - 9. What is the highest common factor of g and 16?
16
Let g be (-1)/2 - 18/(-4). Suppose 5*f - g*j = 346, 2 - 1 = j. Calculate the highest common factor of f and 14.
14
Suppose 1 = 4*c - 3. Let r(n) be the third derivative of n**4/8 + n**3/6 - 2*n**2. Let g be r(c). Calculate the highest common factor of g and 4.
4
Let g = -7 - -18. Let d = g - 6. What is the highest common divisor of d and 25?
5
Let v(j) = -j**2 - j + 363. Let c be v(0). What is the highest common factor of c and 33?
33
Let u = -3 + 7. Let k(d) = d**2 + 2*d. Let q be k(-3). Let a = q - -21. What is the greatest common divisor of a and u?
4
Let a = -66 - -126. Suppose -32 - 4 = -3*q. What is the highest common divisor of a and q?
12
Let q be 20/(-12) + 3/(-9) - -102. Calculate the highest common factor of q and 20.
20
Let q(o) = o**3 - 9*o**2 - 11*o + 22. Let v be q(10). Let x = -20 - 5. Let u = 23 - x. Calculate the greatest common divisor of v and u.
12
Let w = -55 + 95. Let l be (1/(-2))/(2/(-20)). Suppose -5*h + 5*q + w = 0, l*h + q = 2*h + 32. Calculate the highest common divisor of 25 and h.
5
Let q be (1 - -1 - -65) + -5. What is the greatest common factor of q and 93?
31
Let n(p) = -p - 6 - 5*p + 3*p. Let m = 67 + -72. Let f be n(m). Calculate the greatest common factor of 9 and f.
9
Suppose 200 = 5*u + 5*s, -3*u = -0*u + 5*s - 120. What is the greatest common factor of u and 160?
40
Suppose -6 = -2*v + 2. Calculate the greatest common divisor of v and 36.
4
Suppose -3*m = 2*m - 50. Let v = -4 + m. Suppose 25 = -k + v*k. What is the highest common factor of 10 and k?
5
Let s be (90/(-4))/((-2)/4). Let g = -24 + s. What is the greatest common factor of 7 and g?
7
Suppose 0 = -3*j - 2 - 1. Let b be j - -16 - (-2 + 2). Let h = -413 + 578. What is the greatest common divisor of b and h?
15
Let x = -7 + 13. Calculate the highest common factor of 12 and x.
6
Let d be -3 - -1 - (-8)/2. Suppose 1 - 3 = o, -4*o - 23 = -3*a. Calculate the greatest common factor of a and d.
1
Suppose 0 = -2*f - 3*x + 13, 0 = -x + 2*x - 3. Suppose 0*m + f*m = 2. Let r = 3 - m. What is the highest common factor of r and 2?
2
Let x be 0 + 0 - -2 - 0. Suppose 0*h + x = h. Let d be (1/(-2))/(h/(-24)). What is the greatest common factor of d and 54?
6
Suppose -2 = -k + 13. Let t be 434/10 + 9/k. What is the highest common factor of t and 11?
11
Suppose -2*r = 2*r - 240. Suppose -4*n + r = n. What is the highest common factor of 12 and n?
12
Let d(j) = -j**3 - 6*j**2 - j + 8. Let z be d(-6). Let a(r) = 46*r - 6. Let t be a(4). Let u = -122 + t. What is the greatest common divisor of z and u?
14
Suppose -7*z + 330 = -216. Calculate the highest common divisor of 39 and z.
39
Let g(y) = y**2 - 9*y - 16. Let i be g(11). Calculate the greatest common divisor of i and 18.
6
Let z(v) = -v**2 - 12*v + 15. Let l be z(-12). Calculate the greatest common factor of 165 and l.
15
Suppose -7*g = g - 96. Calculate the highest common factor of g and 12.
12
Suppose 6*q - 18 = 5*q. What is the highest common divisor of q and 90?
18
Let a(w) = w**2 + 1. Let j be (-14)/(-6) - (-4)/6. Let o be a(j). Let t be 1/(-1) + o - -1. What is the highest common factor of 50 and t?
10
Let i be ((-1)/1)/((-2)/22). Let y = -23 + 25. Suppose -4*l - 9 = -y*s + 51, l + 26 = s. Calculate the greatest common divisor of s and i.
11
Let j be (1 - -11)*64/24. What is the greatest common factor of 256 and j?
32
Suppose x = -4*z + 17, -x - z + 3 = -8. Suppose 0*d = -4*d - 140. Let w = 1 - d. What is the highest common divisor of x and w?
9
Suppose 2*c - 2*k - 10 = 0, -11 = -6*c + 3*c - k. What is the greatest common divisor of 44 and c?
4
Suppose 49 - 175 = -2*v. Calculate the highest common divisor of v and 9.
9
Let d(a) = 19*a**2 - a - 2. Let f be d(2). Suppose z = 5*z - f. What is the greatest common divisor of z and 198?
18
Suppose -3*a + 11 = -2*a. Suppose -4 = u - 8. Let f be 2/(u/(-11))*-2. What is the highest common factor of f and a?
11
Let o = -82 - -85. Calculate the greatest common factor of 3 and o.
3
Suppose 7*l + 1 = 64. What is the highest common divisor of l and 3?
3
Let s(t) = -t**2 + 6*t + 341. Let 